{"id":6081,"date":"2025-02-01T23:08:56","date_gmt":"2025-02-01T22:08:56","guid":{"rendered":"https:\/\/teamfourit.com\/?page_id=6081"},"modified":"2025-02-16T19:51:36","modified_gmt":"2025-02-16T18:51:36","slug":"developpement-web-et-mobile","status":"publish","type":"page","link":"https:\/\/teamfourit.com\/site\/nos-services\/developpement-web-et-mobile\/","title":{"rendered":"D\u00e9veloppement Web et mobile"},"content":{"rendered":"\t\t<div data-elementor-type=\"wp-page\" data-elementor-id=\"6081\" class=\"elementor elementor-6081\" data-elementor-post-type=\"page\">\n\t\t\t\t<div class=\"elementor-element elementor-element-0d7ba3e e-flex e-con-boxed e-con e-parent\" data-id=\"0d7ba3e\" data-element_type=\"container\" data-e-type=\"container\" data-settings=\"{&quot;background_background&quot;:&quot;gradient&quot;,&quot;ekit_has_onepagescroll_dot&quot;:&quot;yes&quot;}\">\n\t\t\t\t\t<div class=\"e-con-inner\">\n\t\t\t\t<div class=\"elementor-element elementor-element-b195388 elementor-widget elementor-widget-iheading\" data-id=\"b195388\" data-element_type=\"widget\" data-e-type=\"widget\" data-settings=\"{&quot;ekit_we_effect_on&quot;:&quot;none&quot;}\" data-widget_type=\"iheading.default\">\n\t\t\t\t<div class=\"elementor-widget-container\">\n\t\t\t\t\t\t\t<div class=\"ot-heading\">\r\n\t        \t            <span>\/\/ Agence D\u00e9veloppement Web \u00e0 Casablanca \u2013 Sites & Apps Mobiles Performants<\/span>\r\n\t        <h1 class=\"main-heading\">Des Solutions Digitales Innovantes pour Votre Projet<\/h1>\t    <\/div>\r\n\t    \t\t\t\t<\/div>\n\t\t\t\t<\/div>\n\t\t<div class=\"elementor-element elementor-element-620a2db e-con-full e-flex e-con e-child\" data-id=\"620a2db\" data-element_type=\"container\" data-e-type=\"container\" data-settings=\"{&quot;ekit_has_onepagescroll_dot&quot;:&quot;yes&quot;}\">\n\t\t\t\t<div class=\"elementor-element elementor-element-905fd48 elementor-widget elementor-widget-text-editor\" data-id=\"905fd48\" data-element_type=\"widget\" data-e-type=\"widget\" data-settings=\"{&quot;ekit_we_effect_on&quot;:&quot;none&quot;}\" data-widget_type=\"text-editor.default\">\n\t\t\t\t\t\t\t\t\t<p>Team Four IT,\u00a0<strong>agence de d\u00e9veloppement web &amp; mobile \u00e0 Casablanca<\/strong>\u00a0\ud83c\uddf2\ud83c\udde6, transforme vos id\u00e9es en solutions digitales performantes. Que vous soyez une startup, une PME ou une grande entreprise, nous cr\u00e9ons :<\/p><ul><li><p>\ud83d\uded2\u00a0<strong>Sites e-commerce<\/strong>\u00a0: Plateformes intuitives avec paiement s\u00e9curis\u00e9.<\/p><\/li><li><p>\ud83d\udcf1\u00a0<strong>Applications mobiles<\/strong>\u00a0: Native (iOS\/Android) ou cross-platform (Flutter).<\/p><\/li><li><p>\ud83e\udde9\u00a0<strong>Solutions sur mesure<\/strong>\u00a0: SaaS, ERP, et outils de gestion innovants.<\/p><\/li><\/ul>\t\t\t\t\t\t\t\t<\/div>\n\t\t\t\t<\/div>\n\t\t<div class=\"elementor-element elementor-element-452a376 e-con-full e-flex e-con e-child\" data-id=\"452a376\" data-element_type=\"container\" data-e-type=\"container\" data-settings=\"{&quot;ekit_has_onepagescroll_dot&quot;:&quot;yes&quot;}\">\n\t\t\t\t<div class=\"elementor-element elementor-element-b0e6d5c elementor-widget__width-initial elementor-invisible elementor-widget elementor-widget-icon-box\" data-id=\"b0e6d5c\" data-element_type=\"widget\" data-e-type=\"widget\" data-settings=\"{&quot;_animation&quot;:&quot;fadeInUp&quot;,&quot;_animation_delay&quot;:200,&quot;ekit_we_effect_on&quot;:&quot;none&quot;}\" data-widget_type=\"icon-box.default\">\n\t\t\t\t\t\t\t<div class=\"elementor-icon-box-wrapper\">\n\n\t\t\t\n\t\t\t\t\t\t<div class=\"elementor-icon-box-content\">\n\n\t\t\t\t\t\t\t\t\t<h3 class=\"elementor-icon-box-title\">\n\t\t\t\t\t\t<span  >\n\t\t\t\t\t\t\tD\u00e9veloppement Web \ud83c\udf10\t\t\t\t\t\t<\/span>\n\t\t\t\t\t<\/h3>\n\t\t\t\t\n\t\t\t\t\t\t\t\t\t<p class=\"elementor-icon-box-description\">\n\t\t\t\t\t\t - Sites vitrines &amp; institutionnels : Pr\u00e9sentez votre activit\u00e9 avec un design moderne et optimis\u00e9.<br>\n - Sites e-commerce \ud83d\uded2 : Solutions WooCommerce, Prestashop ou sur mesure pour booster vos ventes.<br>\n - Applications web : Portails clients, intranet, solutions SaaS et applications m\u00e9tier.\nSEO &amp; Performance : Optimisation du r\u00e9f\u00e9rencement et de la vitesse de chargement.<br>\n - S\u00e9curit\u00e9 et maintenance \ud83d\udd12 : Mises \u00e0 jour, sauvegardes et protection contre les cyberattaques.\t\t\t\t\t<\/p>\n\t\t\t\t\n\t\t\t<\/div>\n\t\t\t\n\t\t<\/div>\n\t\t\t\t\t\t<\/div>\n\t\t\t\t<\/div>\n\t\t<div class=\"elementor-element elementor-element-2c1c382 e-con-full e-flex e-con e-child\" data-id=\"2c1c382\" data-element_type=\"container\" data-e-type=\"container\" data-settings=\"{&quot;ekit_has_onepagescroll_dot&quot;:&quot;yes&quot;}\">\n\t\t\t\t<div class=\"elementor-element elementor-element-e804cbd elementor-widget__width-initial elementor-invisible elementor-widget elementor-widget-icon-box\" data-id=\"e804cbd\" data-element_type=\"widget\" data-e-type=\"widget\" data-settings=\"{&quot;_animation&quot;:&quot;fadeInUp&quot;,&quot;_animation_delay&quot;:200,&quot;ekit_we_effect_on&quot;:&quot;none&quot;}\" data-widget_type=\"icon-box.default\">\n\t\t\t\t\t\t\t<div class=\"elementor-icon-box-wrapper\">\n\n\t\t\t\n\t\t\t\t\t\t<div class=\"elementor-icon-box-content\">\n\n\t\t\t\t\t\t\t\t\t<h3 class=\"elementor-icon-box-title\">\n\t\t\t\t\t\t<span  >\n\t\t\t\t\t\t\tD\u00e9veloppement Mobile \ud83d\udcf1\t\t\t\t\t\t<\/span>\n\t\t\t\t\t<\/h3>\n\t\t\t\t\n\t\t\t\t\t\t\t\t\t<p class=\"elementor-icon-box-description\">\n\t\t\t\t\t\t - Applications Android &amp; iOS : D\u00e9veloppement natif ou hybride avec Flutter, React Native, etc.<br>\n - Progressive Web Apps (PWA) : Exp\u00e9rience mobile optimis\u00e9e sans installation requise.<br>\n - Applications m\u00e9tier : Gestion commerciale, CRM mobile, suivi logistique.<br>\n - UX\/UI Design \ud83c\udfa8 : Interfaces intuitives et accessibles pour une meilleure exp\u00e9rience utilisateur.\t\t\t\t\t<\/p>\n\t\t\t\t\n\t\t\t<\/div>\n\t\t\t\n\t\t<\/div>\n\t\t\t\t\t\t<\/div>\n\t\t\t\t<\/div>\n\t\t<div class=\"elementor-element elementor-element-519442d e-con-full e-flex e-con e-child\" data-id=\"519442d\" data-element_type=\"container\" data-e-type=\"container\" data-settings=\"{&quot;ekit_has_onepagescroll_dot&quot;:&quot;yes&quot;}\">\n\t\t\t\t<div class=\"elementor-element elementor-element-99a8ee3 elementor-invisible elementor-widget elementor-widget-icon-box\" data-id=\"99a8ee3\" data-element_type=\"widget\" data-e-type=\"widget\" data-settings=\"{&quot;_animation&quot;:&quot;fadeInUp&quot;,&quot;_animation_delay&quot;:200,&quot;ekit_we_effect_on&quot;:&quot;none&quot;}\" data-widget_type=\"icon-box.default\">\n\t\t\t\t\t\t\t<div class=\"elementor-icon-box-wrapper\">\n\n\t\t\t\n\t\t\t\t\t\t<div class=\"elementor-icon-box-content\">\n\n\t\t\t\t\t\t\t\t\t<h3 class=\"elementor-icon-box-title\">\n\t\t\t\t\t\t<span  >\n\t\t\t\t\t\t\tInt\u00e9gration et Connectivit\u00e9 \ud83d\udd17\t\t\t\t\t\t<\/span>\n\t\t\t\t\t<\/h3>\n\t\t\t\t\n\t\t\t\t\t\t\t\t\t<p class=\"elementor-icon-box-description\">\n\t\t\t\t\t\t - API &amp; Web services : Connexion avec vos outils existants (ERP, CRM, services cloud).<br>\n - Gestion des bases de donn\u00e9es : SQL, NoSQL, optimisation des performances.<br>\n - H\u00e9bergement &amp; d\u00e9ploiement \ud83d\ude80 : Solutions Cloud, VPS, et serveurs d\u00e9di\u00e9s s\u00e9curis\u00e9s.\t\t\t\t\t<\/p>\n\t\t\t\t\n\t\t\t<\/div>\n\t\t\t\n\t\t<\/div>\n\t\t\t\t\t\t<\/div>\n\t\t\t\t<\/div>\n\t\t\t\t<div class=\"elementor-element elementor-element-dbdddb3 elementor-widget-divider--view-line elementor-widget elementor-widget-divider\" data-id=\"dbdddb3\" data-element_type=\"widget\" data-e-type=\"widget\" data-settings=\"{&quot;ekit_we_effect_on&quot;:&quot;none&quot;}\" data-widget_type=\"divider.default\">\n\t\t\t\t\t\t\t<div class=\"elementor-divider\">\n\t\t\t<span class=\"elementor-divider-separator\">\n\t\t\t\t\t\t<\/span>\n\t\t<\/div>\n\t\t\t\t\t\t<\/div>\n\t\t\t\t\t<\/div>\n\t\t\t\t<\/div>\n\t\t<div class=\"elementor-element elementor-element-ca2a8df e-flex e-con-boxed e-con e-parent\" data-id=\"ca2a8df\" data-element_type=\"container\" data-e-type=\"container\" data-settings=\"{&quot;background_background&quot;:&quot;classic&quot;,&quot;ekit_has_onepagescroll_dot&quot;:&quot;yes&quot;}\">\n\t\t\t\t\t<div class=\"e-con-inner\">\n\t\t\t\t<div class=\"elementor-element elementor-element-457f817 elementor-widget-divider--view-line elementor-widget elementor-widget-divider\" data-id=\"457f817\" data-element_type=\"widget\" data-e-type=\"widget\" data-settings=\"{&quot;ekit_we_effect_on&quot;:&quot;none&quot;}\" data-widget_type=\"divider.default\">\n\t\t\t\t\t\t\t<div class=\"elementor-divider\">\n\t\t\t<span class=\"elementor-divider-separator\">\n\t\t\t\t\t\t<\/span>\n\t\t<\/div>\n\t\t\t\t\t\t<\/div>\n\t\t\t\t\t<\/div>\n\t\t\t\t<\/div>\n\t\t<div class=\"elementor-element elementor-element-53a17a5 e-flex e-con-boxed e-con e-parent\" data-id=\"53a17a5\" data-element_type=\"container\" data-e-type=\"container\" data-settings=\"{&quot;background_background&quot;:&quot;classic&quot;,&quot;ekit_has_onepagescroll_dot&quot;:&quot;yes&quot;}\">\n\t\t\t\t\t<div class=\"e-con-inner\">\n\t\t<div class=\"elementor-element elementor-element-b9afc66 e-con-full e-flex e-con e-child\" data-id=\"b9afc66\" data-element_type=\"container\" data-e-type=\"container\" data-settings=\"{&quot;ekit_has_onepagescroll_dot&quot;:&quot;yes&quot;}\">\n\t\t\t\t<div class=\"elementor-element elementor-element-9f023ee elementor-widget__width-initial elementor-widget elementor-widget-heading\" data-id=\"9f023ee\" data-element_type=\"widget\" data-e-type=\"widget\" data-settings=\"{&quot;ekit_we_effect_on&quot;:&quot;none&quot;}\" data-widget_type=\"heading.default\">\n\t\t\t\t\t<h2 class=\"elementor-heading-title elementor-size-default\">Pourquoi choisir Team Four IT<\/h2>\t\t\t\t<\/div>\n\t\t<div class=\"elementor-element elementor-element-d7e517e e-con-full e-flex e-con e-child\" data-id=\"d7e517e\" data-element_type=\"container\" data-e-type=\"container\" data-settings=\"{&quot;ekit_has_onepagescroll_dot&quot;:&quot;yes&quot;}\">\n\t\t\t\t<div class=\"elementor-element elementor-element-b9a937e elementor-widget elementor-widget-text-editor\" data-id=\"b9a937e\" data-element_type=\"widget\" data-e-type=\"widget\" data-settings=\"{&quot;ekit_we_effect_on&quot;:&quot;none&quot;}\" data-widget_type=\"text-editor.default\">\n\t\t\t\t\t\t\t\t\t<p><strong>\u2705 Livraison rapide\u00a0: M\u00e9thodologie Agile pour respecter vos d\u00e9lais.<\/strong><br \/>\u2705 <strong>SEO int\u00e9gr\u00e9<\/strong>\u00a0: Sites optimis\u00e9s pour le r\u00e9f\u00e9rencement Google.<br \/>\u2705 <strong>S\u00e9curit\u00e9<\/strong>\u00a0: Protection des donn\u00e9es (RGPD, chiffrement SSL).<br \/>\u2705 Support Technique 24\/7 en Fran\u00e7ais et Arabe et personnalis\u00e9e en cas de besoin.<\/p><p>\ud83d\udd39 Boostez votre infrastructure avec des solutions d\u2019h\u00e9bergement et de sauvegarde performantes !<\/p><p>Contactez-nous d\u00e8s aujourd\u2019hui pour un accompagnement personnalis\u00e9. \ud83d\ude80<\/p>\t\t\t\t\t\t\t\t<\/div>\n\t\t<div class=\"elementor-element elementor-element-c5a5755 e-con-full e-flex e-con e-child\" data-id=\"c5a5755\" data-element_type=\"container\" data-e-type=\"container\" data-settings=\"{&quot;ekit_has_onepagescroll_dot&quot;:&quot;yes&quot;}\">\n\t\t\t\t<div class=\"elementor-element elementor-element-52a2aa5 elementor-widget__width-initial elementor-align-center elementor-widget elementor-widget-ibutton\" data-id=\"52a2aa5\" data-element_type=\"widget\" data-e-type=\"widget\" data-settings=\"{&quot;ekit_we_effect_on&quot;:&quot;none&quot;}\" data-widget_type=\"ibutton.default\">\n\t\t\t\t<div class=\"elementor-widget-container\">\n\t\t\t\t\t\t\t<div class=\"ot-button\">\r\n\t\t\t<a href=\"mailto:contact@teamfourit.com\" class=\"octf-btn octf-btn-primary\">devis gratuit<\/a>\r\n\t    <\/div>\r\n\t    \t\t\t\t<\/div>\n\t\t\t\t<\/div>\n\t\t\t\t<\/div>\n\t\t\t\t<\/div>\n\t\t\t\t<\/div>\n\t\t\t\t\t<\/div>\n\t\t\t\t<\/div>\n\t\t\t\t<\/div>\n\t\t","protected":false},"excerpt":{"rendered":"<p>\/\/ Agence D\u00e9veloppement Web \u00e0 Casablanca \u2013 Sites &#038; Apps Mobiles Performants Des Solutions Digitales Innovantes pour Votre Projet Team Four IT,\u00a0agence de d\u00e9veloppement web &amp; mobile \u00e0 Casablanca\u00a0\ud83c\uddf2\ud83c\udde6, transforme vos id\u00e9es en solutions digitales performantes. Que vous soyez une startup, une PME ou une grande entreprise, nous cr\u00e9ons : \ud83d\uded2\u00a0Sites e-commerce\u00a0: Plateformes intuitives avec [&hellip;]<\/p>\n","protected":false},"author":2,"featured_media":6190,"parent":6194,"menu_order":6,"comment_status":"closed","ping_status":"closed","template":"elementor_header_footer","meta":{"_seopress_robots_primary_cat":"","_seopress_titles_title":"Agence Web Casablanca Maroc : E-commerce, Vitrine, , sur-mesure","_seopress_titles_desc":"Team Four IT, expert en d\u00e9veloppement web & mobile ? \u00e0 Casablanca, cr\u00e9e des sites et applications sur mesure. \u2705 Design responsive, SEO optimis\u00e9, s\u00e9curit\u00e9 renforc\u00e9e. Demandez un devis gratuit !","_seopress_robots_index":"","footnotes":""},"class_list":["post-6081","page","type-page","status-publish","has-post-thumbnail","hentry"],"_links":{"self":[{"href":"https:\/\/teamfourit.com\/site\/wp-json\/wp\/v2\/pages\/6081","targetHints":{"allow":["GET"]}}],"collection":[{"href":"https:\/\/teamfourit.com\/site\/wp-json\/wp\/v2\/pages"}],"about":[{"href":"https:\/\/teamfourit.com\/site\/wp-json\/wp\/v2\/types\/page"}],"author":[{"embeddable":true,"href":"https:\/\/teamfourit.com\/site\/wp-json\/wp\/v2\/users\/2"}],"replies":[{"embeddable":true,"href":"https:\/\/teamfourit.com\/site\/wp-json\/wp\/v2\/comments?post=6081"}],"version-history":[{"count":0,"href":"https:\/\/teamfourit.com\/site\/wp-json\/wp\/v2\/pages\/6081\/revisions"}],"up":[{"embeddable":true,"href":"https:\/\/teamfourit.com\/site\/wp-json\/wp\/v2\/pages\/6194"}],"wp:featuredmedia":[{"embeddable":true,"href":"https:\/\/teamfourit.com\/site\/wp-json\/wp\/v2\/media\/6190"}],"wp:attachment":[{"href":"https:\/\/teamfourit.com\/site\/wp-json\/wp\/v2\/media?parent=6081"}],"curies":[{"name":"wp","href":"https:\/\/api.w.org\/{rel}","templated":true}]}}