{"id":6043,"date":"2025-02-01T22:49:56","date_gmt":"2025-02-01T21:49:56","guid":{"rendered":"https:\/\/teamfourit.com\/?page_id=6043"},"modified":"2025-02-08T01:36:06","modified_gmt":"2025-02-08T00:36:06","slug":"vente-de-materiel-informatique-et-bureautique","status":"publish","type":"page","link":"https:\/\/teamfourit.com\/site\/nos-services\/vente-de-materiel-informatique-et-bureautique\/","title":{"rendered":"Vente de mat\u00e9riel informatique et bureautique"},"content":{"rendered":"\t\t<div data-elementor-type=\"wp-post\" data-elementor-id=\"6043\" class=\"elementor elementor-6043\" data-elementor-post-type=\"page\">\n\t\t\t\t<div class=\"elementor-element elementor-element-3fd2552 e-con-full e-flex e-con e-parent\" data-id=\"3fd2552\" data-element_type=\"container\" data-e-type=\"container\" data-settings=\"{&quot;background_background&quot;:&quot;gradient&quot;,&quot;ekit_has_onepagescroll_dot&quot;:&quot;yes&quot;}\">\n\t\t\t\t<div class=\"elementor-element elementor-element-467bcb7 elementor-widget-mobile__width-initial elementor-widget elementor-widget-iheading\" data-id=\"467bcb7\" data-element_type=\"widget\" data-e-type=\"widget\" data-settings=\"{&quot;ekit_we_effect_on&quot;:&quot;none&quot;}\" data-widget_type=\"iheading.default\">\n\t\t\t\t<div class=\"elementor-widget-container\">\n\t\t\t\t\t\t\t<div class=\"ot-heading\">\r\n\t        \t            <span>\/\/ \ud83d\udda5\ufe0f Vente Mat\u00e9riel Informatique & Bureautique | Team Four IT \u2013 Casablanca<\/span>\r\n\t        <h1 class=\"main-heading\">nous vous proposons <br> une large gamme de mat\u00e9riel <br> informatique et bureautique<\/h1>\t    <\/div>\r\n\t    \t\t\t\t<\/div>\n\t\t\t\t<\/div>\n\t\t<div class=\"elementor-element elementor-element-68d4c42 e-con-full e-flex e-con e-child\" data-id=\"68d4c42\" data-element_type=\"container\" data-e-type=\"container\" data-settings=\"{&quot;ekit_has_onepagescroll_dot&quot;:&quot;yes&quot;}\">\n\t\t\t\t<div class=\"elementor-element elementor-element-eec5d58 elementor-widget elementor-widget-text-editor\" data-id=\"eec5d58\" data-element_type=\"widget\" data-e-type=\"widget\" data-settings=\"{&quot;ekit_we_effect_on&quot;:&quot;none&quot;}\" data-widget_type=\"text-editor.default\">\n\t\t\t\t\t\t\t\t\t<p>Team Four IT, votre\u00a0<strong>sp\u00e9cialiste en mat\u00e9riel informatique et bureautique \u00e0 Casablanca<\/strong>\u00a0\ud83c\uddf2\ud83c\udde6, vous propose un large choix de produits\u00a0<strong>neufs et reconditionn\u00e9s<\/strong>\u00a0: PC portables, imprimantes laser, \u00e9quipements r\u00e9seau et consommables.<\/p><p>Nos offres incluent :<\/p><ul><li><p>\ud83d\udee0\ufe0f Installation &amp; Configuration sur Site.<\/p><\/li><li><p>\u267b\ufe0f Recyclage \u00c9cologique des Anciens \u00c9quipements.<\/p><\/li><li><p>\ud83d\udd27 Garantie sur Tous les Produits.<\/p><\/li><li><p>\ud83d\ude9a Livraison Express 24h au Maroc.<\/p><\/li><\/ul><p>\u00a0<\/p>\t\t\t\t\t\t\t\t<\/div>\n\t\t\t\t<\/div>\n\t\t<div class=\"elementor-element elementor-element-276c274 e-con-full e-flex e-con e-child\" data-id=\"276c274\" data-element_type=\"container\" data-e-type=\"container\" data-settings=\"{&quot;ekit_has_onepagescroll_dot&quot;:&quot;yes&quot;}\">\n\t\t<div class=\"elementor-element elementor-element-7395ad7 e-con-full e-flex e-con e-child\" data-id=\"7395ad7\" data-element_type=\"container\" data-e-type=\"container\" data-settings=\"{&quot;ekit_has_onepagescroll_dot&quot;:&quot;yes&quot;}\">\n\t\t<div class=\"elementor-element elementor-element-68d9273 e-con-full e-flex e-con e-child\" data-id=\"68d9273\" data-element_type=\"container\" data-e-type=\"container\" data-settings=\"{&quot;ekit_has_onepagescroll_dot&quot;:&quot;yes&quot;}\">\n\t\t\t\t<div class=\"elementor-element elementor-element-29c5fd1 elementor-widget__width-initial elementor-invisible elementor-widget elementor-widget-icon-box\" data-id=\"29c5fd1\" data-element_type=\"widget\" data-e-type=\"widget\" data-settings=\"{&quot;_animation&quot;:&quot;fadeInUp&quot;,&quot;_animation_delay&quot;:200,&quot;ekit_we_effect_on&quot;:&quot;none&quot;}\" data-widget_type=\"icon-box.default\">\n\t\t\t\t\t\t\t<div class=\"elementor-icon-box-wrapper\">\n\n\t\t\t\n\t\t\t\t\t\t<div class=\"elementor-icon-box-content\">\n\n\t\t\t\t\t\t\t\t\t<h3 class=\"elementor-icon-box-title\">\n\t\t\t\t\t\t<span  >\n\t\t\t\t\t\t\tMat\u00e9riel Informatique \ud83d\udda5\ufe0f\ud83d\udcbb\t\t\t\t\t\t<\/span>\n\t\t\t\t\t<\/h3>\n\t\t\t\t\n\t\t\t\t\t\t\t\t\t<p class=\"elementor-icon-box-description\">\n\t\t\t\t\t\t - Ordinateurs et stations de travail : PC portables et fixes adapt\u00e9s aux besoins professionnels.<br>\n - Serveurs et solutions de stockage : Infrastructure fiable pour la gestion et s\u00e9curisation des donn\u00e9es.<br>\n - P\u00e9riph\u00e9riques et accessoires : \u00c9crans, claviers, souris, casques, disques durs externes, etc.<br>\n - \u00c9quipements r\u00e9seau : Routeurs, switches, firewalls, c\u00e2blage et solutions Wi-Fi performantes.\t\t\t\t\t<\/p>\n\t\t\t\t\n\t\t\t<\/div>\n\t\t\t\n\t\t<\/div>\n\t\t\t\t\t\t<\/div>\n\t\t\t\t<\/div>\n\t\t\t\t<\/div>\n\t\t\t\t<\/div>\n\t\t<div class=\"elementor-element elementor-element-31fd62c e-con-full e-flex e-con e-child\" data-id=\"31fd62c\" data-element_type=\"container\" data-e-type=\"container\" data-settings=\"{&quot;ekit_has_onepagescroll_dot&quot;:&quot;yes&quot;}\">\n\t\t<div class=\"elementor-element elementor-element-3998446 e-con-full e-flex e-con e-child\" data-id=\"3998446\" data-element_type=\"container\" data-e-type=\"container\" data-settings=\"{&quot;ekit_has_onepagescroll_dot&quot;:&quot;yes&quot;}\">\n\t\t\t\t<div class=\"elementor-element elementor-element-52fbac9 elementor-widget__width-initial elementor-invisible elementor-widget elementor-widget-icon-box\" data-id=\"52fbac9\" data-element_type=\"widget\" data-e-type=\"widget\" data-settings=\"{&quot;_animation&quot;:&quot;fadeInUp&quot;,&quot;_animation_delay&quot;:200,&quot;ekit_we_effect_on&quot;:&quot;none&quot;}\" data-widget_type=\"icon-box.default\">\n\t\t\t\t\t\t\t<div class=\"elementor-icon-box-wrapper\">\n\n\t\t\t\n\t\t\t\t\t\t<div class=\"elementor-icon-box-content\">\n\n\t\t\t\t\t\t\t\t\t<h3 class=\"elementor-icon-box-title\">\n\t\t\t\t\t\t<span  >\n\t\t\t\t\t\t\tAm\u00e9nagement IT &amp; Installation \ud83c\udfe2\t\t\t\t\t\t<\/span>\n\t\t\t\t\t<\/h3>\n\t\t\t\t\n\t\t\t\t\t\t\t\t\t<p class=\"elementor-icon-box-description\">\n\t\t\t\t\t\t - Installation et configuration de vos \u00e9quipements : Mise en place de votre infrastructure informatique et bureautique.<br>\n - Solutions de c\u00e2blage et r\u00e9seaux : \u00c9tude et d\u00e9ploiement d\u2019un r\u00e9seau optimis\u00e9.\nMobiliers et ergonomie du poste de travail : Agencement adapt\u00e9 pour une meilleure productivit\u00e9.<br>\n - S\u00e9curisation et gestion des espaces IT : Contr\u00f4le d\u2019acc\u00e8s, vid\u00e9osurveillance et protection des infrastructures.\t\t\t\t\t<\/p>\n\t\t\t\t\n\t\t\t<\/div>\n\t\t\t\n\t\t<\/div>\n\t\t\t\t\t\t<\/div>\n\t\t\t\t<\/div>\n\t\t\t\t<\/div>\n\t\t<div class=\"elementor-element elementor-element-c8dafe8 e-con-full e-flex e-con e-child\" data-id=\"c8dafe8\" data-element_type=\"container\" data-e-type=\"container\" data-settings=\"{&quot;ekit_has_onepagescroll_dot&quot;:&quot;yes&quot;}\">\n\t\t<div class=\"elementor-element elementor-element-bb9ecca e-con-full e-flex e-con e-child\" data-id=\"bb9ecca\" data-element_type=\"container\" data-e-type=\"container\" data-settings=\"{&quot;ekit_has_onepagescroll_dot&quot;:&quot;yes&quot;}\">\n\t\t\t\t<div class=\"elementor-element elementor-element-4e68ae9 elementor-invisible elementor-widget elementor-widget-icon-box\" data-id=\"4e68ae9\" data-element_type=\"widget\" data-e-type=\"widget\" data-settings=\"{&quot;_animation&quot;:&quot;fadeInUp&quot;,&quot;_animation_delay&quot;:200,&quot;ekit_we_effect_on&quot;:&quot;none&quot;}\" data-widget_type=\"icon-box.default\">\n\t\t\t\t\t\t\t<div class=\"elementor-icon-box-wrapper\">\n\n\t\t\t\n\t\t\t\t\t\t<div class=\"elementor-icon-box-content\">\n\n\t\t\t\t\t\t\t\t\t<h3 class=\"elementor-icon-box-title\">\n\t\t\t\t\t\t<span  >\n\t\t\t\t\t\t\tMat\u00e9riel Bureautique \ud83d\udda8\ufe0f\ud83d\udce0\t\t\t\t\t\t<\/span>\n\t\t\t\t\t<\/h3>\n\t\t\t\t\n\t\t\t\t\t\t\t\t\t<p class=\"elementor-icon-box-description\">\n\t\t\t\t\t\t - Imprimantes et scanners : Solutions jet d\u2019encre, laser et multifonctions pour une gestion documentaire efficace.<br>\n - Photocopieurs professionnels : Haute capacit\u00e9 pour entreprises et administrations.<br>\n - \u00c9quipements de t\u00e9l\u00e9phonie &amp; VoIP : T\u00e9l\u00e9phones IP, syst\u00e8mes de visioconf\u00e9rence, standard t\u00e9l\u00e9phonique.\t\t\t\t\t<\/p>\n\t\t\t\t\n\t\t\t<\/div>\n\t\t\t\n\t\t<\/div>\n\t\t\t\t\t\t<\/div>\n\t\t\t\t<\/div>\n\t\t\t\t<\/div>\n\t\t\t\t<div class=\"elementor-element elementor-element-1107f0c elementor-widget-divider--view-line elementor-widget elementor-widget-divider\" data-id=\"1107f0c\" data-element_type=\"widget\" data-e-type=\"widget\" data-settings=\"{&quot;ekit_we_effect_on&quot;:&quot;none&quot;}\" data-widget_type=\"divider.default\">\n\t\t\t\t\t\t\t<div class=\"elementor-divider\">\n\t\t\t<span class=\"elementor-divider-separator\">\n\t\t\t\t\t\t<\/span>\n\t\t<\/div>\n\t\t\t\t\t\t<\/div>\n\t\t\t\t<\/div>\n\t\t<div class=\"elementor-element elementor-element-cf216b6 e-flex e-con-boxed e-con e-parent\" data-id=\"cf216b6\" data-element_type=\"container\" data-e-type=\"container\" data-settings=\"{&quot;background_background&quot;:&quot;classic&quot;,&quot;ekit_has_onepagescroll_dot&quot;:&quot;yes&quot;}\">\n\t\t\t\t\t<div class=\"e-con-inner\">\n\t\t<div class=\"elementor-element elementor-element-587be6f e-con-full e-flex e-con e-child\" data-id=\"587be6f\" data-element_type=\"container\" data-e-type=\"container\" data-settings=\"{&quot;ekit_has_onepagescroll_dot&quot;:&quot;yes&quot;}\">\n\t\t\t\t<div class=\"elementor-element elementor-element-45b05fa elementor-widget__width-initial elementor-widget elementor-widget-heading\" data-id=\"45b05fa\" data-element_type=\"widget\" data-e-type=\"widget\" data-settings=\"{&quot;ekit_we_effect_on&quot;:&quot;none&quot;}\" data-widget_type=\"heading.default\">\n\t\t\t\t\t<h2 class=\"elementor-heading-title elementor-size-default\">Pourquoi choisir Team Four IT<\/h2>\t\t\t\t<\/div>\n\t\t<div class=\"elementor-element elementor-element-39d6524 e-con-full e-flex e-con e-child\" data-id=\"39d6524\" data-element_type=\"container\" data-e-type=\"container\" data-settings=\"{&quot;ekit_has_onepagescroll_dot&quot;:&quot;yes&quot;}\">\n\t\t\t\t<div class=\"elementor-element elementor-element-96f331d elementor-widget elementor-widget-text-editor\" data-id=\"96f331d\" data-element_type=\"widget\" data-e-type=\"widget\" data-settings=\"{&quot;ekit_we_effect_on&quot;:&quot;none&quot;}\" data-widget_type=\"text-editor.default\">\n\t\t\t\t\t\t\t\t\t<p><strong>\u2705 \u00a0Livraison Express 24h au Maroc.<\/strong><br \/><strong>\u2705 \u00a0Garantie sur Tous les Produits.<\/strong><br \/><strong>\u2705 \u00a0Support Technique 7j\/7.<\/strong><br \/>\u2705\u00a0<strong>Prix comp\u00e9titifs<\/strong>\u00a0: Des offres adapt\u00e9es aux PME \ud83c\udfe2 et startups \ud83d\ude80<\/p><p><strong>\ud83d\udd39 \u00c9quipez et s\u00e9curisez votre entreprise avec des solutions IT performantes !<\/strong><\/p><p><strong>Contactez-nous d\u00e8s aujourd\u2019hui pour un devis personnalis\u00e9. \ud83d\ude80<\/strong><\/p>\t\t\t\t\t\t\t\t<\/div>\n\t\t<div class=\"elementor-element elementor-element-104cff7 e-con-full e-flex e-con e-child\" data-id=\"104cff7\" data-element_type=\"container\" data-e-type=\"container\" data-settings=\"{&quot;ekit_has_onepagescroll_dot&quot;:&quot;yes&quot;}\">\n\t\t\t\t<div class=\"elementor-element elementor-element-2468274 elementor-widget__width-initial elementor-align-center elementor-widget elementor-widget-ibutton\" data-id=\"2468274\" data-element_type=\"widget\" data-e-type=\"widget\" data-settings=\"{&quot;ekit_we_effect_on&quot;:&quot;none&quot;}\" data-widget_type=\"ibutton.default\">\n\t\t\t\t<div class=\"elementor-widget-container\">\n\t\t\t\t\t\t\t<div class=\"ot-button\">\r\n\t\t\t<a href=\"mailto:contact@teamfourit.com\" class=\"octf-btn octf-btn-primary\">devis gratuit<\/a>\r\n\t    <\/div>\r\n\t    \t\t\t\t<\/div>\n\t\t\t\t<\/div>\n\t\t\t\t<\/div>\n\t\t\t\t<\/div>\n\t\t\t\t<\/div>\n\t\t\t\t\t<\/div>\n\t\t\t\t<\/div>\n\t\t\t\t<\/div>\n\t\t","protected":false},"excerpt":{"rendered":"<p>\/\/ \ud83d\udda5\ufe0f Vente Mat\u00e9riel Informatique &#038; Bureautique | Team Four IT \u2013 Casablanca nous vous proposons une large gamme de mat\u00e9riel informatique et bureautique Team Four IT, votre\u00a0sp\u00e9cialiste en mat\u00e9riel informatique et bureautique \u00e0 Casablanca\u00a0\ud83c\uddf2\ud83c\udde6, vous propose un large choix de produits\u00a0neufs et reconditionn\u00e9s\u00a0: PC portables, imprimantes laser, \u00e9quipements r\u00e9seau et consommables. Nos offres incluent [&hellip;]<\/p>\n","protected":false},"author":2,"featured_media":6853,"parent":6194,"menu_order":2,"comment_status":"closed","ping_status":"closed","template":"elementor_header_footer","meta":{"_seopress_robots_primary_cat":"","_seopress_titles_title":"Vente du mat\u00e9riel informatique et bureautique en ligne a Casablanca","_seopress_titles_desc":"Team Four IT, sp\u00e9cialiste de la vente de mat\u00e9riel informatique et bureautique \u00e0 Casablanca ?\ufe0f. Ordinateurs, imprimantes, \u00e9quipements r\u00e9seau et consommables.","_seopress_robots_index":"","footnotes":""},"class_list":["post-6043","page","type-page","status-publish","has-post-thumbnail","hentry"],"_links":{"self":[{"href":"https:\/\/teamfourit.com\/site\/wp-json\/wp\/v2\/pages\/6043","targetHints":{"allow":["GET"]}}],"collection":[{"href":"https:\/\/teamfourit.com\/site\/wp-json\/wp\/v2\/pages"}],"about":[{"href":"https:\/\/teamfourit.com\/site\/wp-json\/wp\/v2\/types\/page"}],"author":[{"embeddable":true,"href":"https:\/\/teamfourit.com\/site\/wp-json\/wp\/v2\/users\/2"}],"replies":[{"embeddable":true,"href":"https:\/\/teamfourit.com\/site\/wp-json\/wp\/v2\/comments?post=6043"}],"version-history":[{"count":0,"href":"https:\/\/teamfourit.com\/site\/wp-json\/wp\/v2\/pages\/6043\/revisions"}],"up":[{"embeddable":true,"href":"https:\/\/teamfourit.com\/site\/wp-json\/wp\/v2\/pages\/6194"}],"wp:featuredmedia":[{"embeddable":true,"href":"https:\/\/teamfourit.com\/site\/wp-json\/wp\/v2\/media\/6853"}],"wp:attachment":[{"href":"https:\/\/teamfourit.com\/site\/wp-json\/wp\/v2\/media?parent=6043"}],"curies":[{"name":"wp","href":"https:\/\/api.w.org\/{rel}","templated":true}]}}