{"id":5984,"date":"2025-02-01T22:13:31","date_gmt":"2025-02-01T21:13:31","guid":{"rendered":"https:\/\/teamfourit.com\/?page_id=5984"},"modified":"2025-02-04T21:25:24","modified_gmt":"2025-02-04T20:25:24","slug":"solutions-de-gestion-et-erp-crm","status":"publish","type":"page","link":"https:\/\/teamfourit.com\/site\/nos-services\/solutions-de-gestion-et-erp-crm\/","title":{"rendered":"Solutions de gestion et ERP\/CRM"},"content":{"rendered":"\t\t<div data-elementor-type=\"wp-post\" data-elementor-id=\"5984\" class=\"elementor elementor-5984\" data-elementor-post-type=\"page\">\n\t\t\t\t<div class=\"elementor-element elementor-element-f819880 e-flex e-con-boxed e-con e-parent\" data-id=\"f819880\" data-element_type=\"container\" data-e-type=\"container\" data-settings=\"{&quot;background_background&quot;:&quot;gradient&quot;,&quot;ekit_has_onepagescroll_dot&quot;:&quot;yes&quot;}\">\n\t\t\t\t\t<div class=\"e-con-inner\">\n\t\t\t\t<div class=\"elementor-element elementor-element-bd24171 elementor-widget elementor-widget-iheading\" data-id=\"bd24171\" data-element_type=\"widget\" data-e-type=\"widget\" data-settings=\"{&quot;ekit_we_effect_on&quot;:&quot;none&quot;}\" data-widget_type=\"iheading.default\">\n\t\t\t\t<div class=\"elementor-widget-container\">\n\t\t\t\t\t\t\t<div class=\"ot-heading\">\r\n\t        \t            <span>\ud83d\udcc8 Solutions ERP & CRM<\/span>\r\n\t        <h1 class=\"main-heading\">Transformez Votre Gestion d'Entreprise avec Team Four IT<\/h1>\t    <\/div>\r\n\t    \t\t\t\t<\/div>\n\t\t\t\t<\/div>\n\t\t<div class=\"elementor-element elementor-element-78d91a7 e-con-full e-flex e-con e-child\" data-id=\"78d91a7\" data-element_type=\"container\" data-e-type=\"container\" data-settings=\"{&quot;ekit_has_onepagescroll_dot&quot;:&quot;yes&quot;}\">\n\t\t\t\t<div class=\"elementor-element elementor-element-8409cc8 elementor-widget elementor-widget-text-editor\" data-id=\"8409cc8\" data-element_type=\"widget\" data-e-type=\"widget\" data-settings=\"{&quot;ekit_we_effect_on&quot;:&quot;none&quot;}\" data-widget_type=\"text-editor.default\">\n\t\t\t\t\t\t\t\t\t<p>Team Four IT, expert en\u00a0<strong>solutions ERP et CRM \u00e0 Casablanca<\/strong>\u00a0\ud83c\uddf2\ud83c\udde6, accompagne les entreprises marocaines dans leur transformation digitale. Nos syst\u00e8mes de gestion int\u00e9gr\u00e9s vous permettent de :<\/p><ul><li><p>\u2705\u00a0<strong>Automatiser<\/strong>\u00a0les processus m\u00e9tiers (comptabilit\u00e9, stocks, RH).<\/p><\/li><li><p>\ud83d\udcca\u00a0<strong>Centraliser<\/strong>\u00a0les donn\u00e9es en temps r\u00e9el pour un reporting pr\u00e9cis.<\/p><\/li><li><p>\ud83e\udd1d\u00a0<strong>Am\u00e9liorer<\/strong>\u00a0la relation client avec des outils CRM intelligents.<\/p><\/li><li><p>\ud83c\udf0d\u00a0<strong>Solutions adapt\u00e9es<\/strong>\u00a0: ERP pour PME, grandes entreprises et secteurs sp\u00e9cialis\u00e9s (industrie, logistique, sant\u00e9).<\/p><\/li><li><p>\ud83d\udd12\u00a0<strong>S\u00e9curit\u00e9<\/strong>\u00a0: Donn\u00e9es h\u00e9berg\u00e9es localement ou sur cloud s\u00e9curis\u00e9.<\/p><\/li><li><p>\ud83d\udee0\ufe0f\u00a0<strong>Accompagnement complet<\/strong>\u00a0: De l\u2019audit \u00e0 la formation de vos \u00e9quipes.&#8221;<\/p><\/li><\/ul>\t\t\t\t\t\t\t\t<\/div>\n\t\t\t\t<\/div>\n\t\t<div class=\"elementor-element elementor-element-2ae9f9a e-con-full e-flex e-con e-child\" data-id=\"2ae9f9a\" data-element_type=\"container\" data-e-type=\"container\" data-settings=\"{&quot;ekit_has_onepagescroll_dot&quot;:&quot;yes&quot;}\">\n\t\t\t\t<div class=\"elementor-element elementor-element-c5f6084 elementor-widget__width-initial elementor-invisible elementor-widget elementor-widget-icon-box\" data-id=\"c5f6084\" data-element_type=\"widget\" data-e-type=\"widget\" data-settings=\"{&quot;_animation&quot;:&quot;fadeInUp&quot;,&quot;_animation_delay&quot;:200,&quot;ekit_we_effect_on&quot;:&quot;none&quot;}\" data-widget_type=\"icon-box.default\">\n\t\t\t\t\t\t\t<div class=\"elementor-icon-box-wrapper\">\n\n\t\t\t\n\t\t\t\t\t\t<div class=\"elementor-icon-box-content\">\n\n\t\t\t\t\t\t\t\t\t<h3 class=\"elementor-icon-box-title\">\n\t\t\t\t\t\t<span  >\n\t\t\t\t\t\t\tERP - Planification et gestion des ressources \ud83c\udfe2\t\t\t\t\t\t<\/span>\n\t\t\t\t\t<\/h3>\n\t\t\t\t\n\t\t\t\t\t\t\t\t\t<p class=\"elementor-icon-box-description\">\n\t\t\t\t\t\t - Gestion commerciale &amp; comptabilit\u00e9 : Facturation, devis, paiements et gestion financi\u00e8re.<br>\n - Gestion des stocks &amp; logistique : Suivi des inventaires et optimisation des approvisionnements.<br>\n - Ressources humaines (GRH) : Suivi des employ\u00e9s, gestion des cong\u00e9s, paie et recrutement.<br>\n - Automatisation des processus m\u00e9tiers : Workflows intelligents pour gagner du temps.<br>\n - Int\u00e9gration multi-services : Connexion avec d\u2019autres outils (e-commerce, production, etc.).\t\t\t\t\t<\/p>\n\t\t\t\t\n\t\t\t<\/div>\n\t\t\t\n\t\t<\/div>\n\t\t\t\t\t\t<\/div>\n\t\t\t\t<\/div>\n\t\t<div class=\"elementor-element elementor-element-081c144 e-con-full e-flex e-con e-child\" data-id=\"081c144\" data-element_type=\"container\" data-e-type=\"container\" data-settings=\"{&quot;ekit_has_onepagescroll_dot&quot;:&quot;yes&quot;}\">\n\t\t\t\t<div class=\"elementor-element elementor-element-63b30f0 elementor-widget__width-initial elementor-invisible elementor-widget elementor-widget-icon-box\" data-id=\"63b30f0\" data-element_type=\"widget\" data-e-type=\"widget\" data-settings=\"{&quot;_animation&quot;:&quot;fadeInUp&quot;,&quot;_animation_delay&quot;:200,&quot;ekit_we_effect_on&quot;:&quot;none&quot;}\" data-widget_type=\"icon-box.default\">\n\t\t\t\t\t\t\t<div class=\"elementor-icon-box-wrapper\">\n\n\t\t\t\n\t\t\t\t\t\t<div class=\"elementor-icon-box-content\">\n\n\t\t\t\t\t\t\t\t\t<h3 class=\"elementor-icon-box-title\">\n\t\t\t\t\t\t<span  >\n\t\t\t\t\t\t\tCRM - Gestion de la relation client \ud83e\udd1d\t\t\t\t\t\t<\/span>\n\t\t\t\t\t<\/h3>\n\t\t\t\t\n\t\t\t\t\t\t\t\t\t<p class=\"elementor-icon-box-description\">\n\t\t\t\t\t\t - Suivi des prospects et clients : Centralisation des interactions et historique des \u00e9changes.<br>\n - Automatisation des campagnes marketing : E-mails, notifications et segmentation des clients.<br>\n - Optimisation du service client : HelpDesk, support et gestion des tickets.<br>\n - Analyse et reporting : Tableaux de bord pour piloter la performance commerciale.<br>\n - Int\u00e9gration omnicanale : Connexion avec les r\u00e9seaux sociaux, appels VoIP, messageries et plus.\t\t\t\t\t<\/p>\n\t\t\t\t\n\t\t\t<\/div>\n\t\t\t\n\t\t<\/div>\n\t\t\t\t\t\t<\/div>\n\t\t\t\t<\/div>\n\t\t<div class=\"elementor-element elementor-element-e07cfe5 e-con-full e-flex e-con e-child\" data-id=\"e07cfe5\" data-element_type=\"container\" data-e-type=\"container\" data-settings=\"{&quot;ekit_has_onepagescroll_dot&quot;:&quot;yes&quot;}\">\n\t\t\t\t<div class=\"elementor-element elementor-element-7191d20 elementor-invisible elementor-widget elementor-widget-icon-box\" data-id=\"7191d20\" data-element_type=\"widget\" data-e-type=\"widget\" data-settings=\"{&quot;_animation&quot;:&quot;fadeInUp&quot;,&quot;_animation_delay&quot;:200,&quot;ekit_we_effect_on&quot;:&quot;none&quot;}\" data-widget_type=\"icon-box.default\">\n\t\t\t\t\t\t\t<div class=\"elementor-icon-box-wrapper\">\n\n\t\t\t\n\t\t\t\t\t\t<div class=\"elementor-icon-box-content\">\n\n\t\t\t\t\t\t\t\t\t<h3 class=\"elementor-icon-box-title\">\n\t\t\t\t\t\t<span  >\n\t\t\t\t\t\t\tH\u00e9bergement et S\u00e9curit\u00e9 des Donn\u00e9es \ud83d\udd12\t\t\t\t\t\t<\/span>\n\t\t\t\t\t<\/h3>\n\t\t\t\t\n\t\t\t\t\t\t\t\t\t<p class=\"elementor-icon-box-description\">\n\t\t\t\t\t\t - ERP &amp; CRM en Cloud ou On-Premise selon vos besoins.<br>\n - Sauvegarde et protection des donn\u00e9es contre les cybermenaces.<br>\n - Conformit\u00e9 aux normes (RGPD, ISO, etc.) pour garantir la s\u00e9curit\u00e9.\t\t\t\t\t<\/p>\n\t\t\t\t\n\t\t\t<\/div>\n\t\t\t\n\t\t<\/div>\n\t\t\t\t\t\t<\/div>\n\t\t\t\t<\/div>\n\t\t\t\t<div class=\"elementor-element elementor-element-bfb40c1 elementor-widget-divider--view-line elementor-widget elementor-widget-divider\" data-id=\"bfb40c1\" data-element_type=\"widget\" data-e-type=\"widget\" data-settings=\"{&quot;ekit_we_effect_on&quot;:&quot;none&quot;}\" data-widget_type=\"divider.default\">\n\t\t\t\t\t\t\t<div class=\"elementor-divider\">\n\t\t\t<span class=\"elementor-divider-separator\">\n\t\t\t\t\t\t<\/span>\n\t\t<\/div>\n\t\t\t\t\t\t<\/div>\n\t\t\t\t\t<\/div>\n\t\t\t\t<\/div>\n\t\t<div class=\"elementor-element elementor-element-07f8c77 e-flex e-con-boxed e-con e-parent\" data-id=\"07f8c77\" data-element_type=\"container\" data-e-type=\"container\" data-settings=\"{&quot;background_background&quot;:&quot;classic&quot;,&quot;ekit_has_onepagescroll_dot&quot;:&quot;yes&quot;}\">\n\t\t\t\t\t<div class=\"e-con-inner\">\n\t\t<div class=\"elementor-element elementor-element-1b7f966 e-con-full e-flex e-con e-child\" data-id=\"1b7f966\" data-element_type=\"container\" data-e-type=\"container\" data-settings=\"{&quot;ekit_has_onepagescroll_dot&quot;:&quot;yes&quot;}\">\n\t\t\t\t<div class=\"elementor-element elementor-element-8a1fb52 elementor-widget__width-initial elementor-widget elementor-widget-heading\" data-id=\"8a1fb52\" data-element_type=\"widget\" data-e-type=\"widget\" data-settings=\"{&quot;ekit_we_effect_on&quot;:&quot;none&quot;}\" data-widget_type=\"heading.default\">\n\t\t\t\t\t<h2 class=\"elementor-heading-title elementor-size-default\">Pourquoi choisir Team Four IT<\/h2>\t\t\t\t<\/div>\n\t\t<div class=\"elementor-element elementor-element-4f7a71b e-con-full e-flex e-con e-child\" data-id=\"4f7a71b\" data-element_type=\"container\" data-e-type=\"container\" data-settings=\"{&quot;ekit_has_onepagescroll_dot&quot;:&quot;yes&quot;}\">\n\t\t\t\t<div class=\"elementor-element elementor-element-cfee941 elementor-widget elementor-widget-text-editor\" data-id=\"cfee941\" data-element_type=\"widget\" data-e-type=\"widget\" data-settings=\"{&quot;ekit_we_effect_on&quot;:&quot;none&quot;}\" data-widget_type=\"text-editor.default\">\n\t\t\t\t\t\t\t\t\t<p>\u2705 Int\u00e9gration sur Mesure \u00e0 Vos Processus M\u00e9tiers.<br \/>\u2705 Formation et Support Technique 24\/7.<br \/>\u2705 S\u00e9curit\u00e9 des Donn\u00e9es (RGPD, Chiffrement).<br \/>\u2705 <strong>Support technique &amp; formation<\/strong> : Accompagnement \u00e0 l\u2019impl\u00e9mentation et assistance continue.<br \/>\u2705 <strong>H\u00e9bergement s\u00e9curis\u00e9<\/strong> : Donn\u00e9es prot\u00e9g\u00e9es et accessibles en tout temps.<\/p><p>\ud83d\udd39 <strong>Boostez la gestion de votre entreprise avec des solutions ERP &amp; CRM performantes !<\/strong><\/p><p>Contactez-nous pour une consultation gratuite. \ud83d\ude80<\/p>\t\t\t\t\t\t\t\t<\/div>\n\t\t<div class=\"elementor-element elementor-element-1b3f6b3 e-con-full e-flex e-con e-child\" data-id=\"1b3f6b3\" data-element_type=\"container\" data-e-type=\"container\" data-settings=\"{&quot;ekit_has_onepagescroll_dot&quot;:&quot;yes&quot;}\">\n\t\t\t\t<div class=\"elementor-element elementor-element-287757f elementor-widget__width-initial elementor-align-center elementor-widget elementor-widget-ibutton\" data-id=\"287757f\" data-element_type=\"widget\" data-e-type=\"widget\" data-settings=\"{&quot;ekit_we_effect_on&quot;:&quot;none&quot;}\" data-widget_type=\"ibutton.default\">\n\t\t\t\t<div class=\"elementor-widget-container\">\n\t\t\t\t\t\t\t<div class=\"ot-button\">\r\n\t\t\t<a href=\"mailto:contact@teamfourit.com\" class=\"octf-btn octf-btn-primary\">devis gratuit<\/a>\r\n\t    <\/div>\r\n\t    \t\t\t\t<\/div>\n\t\t\t\t<\/div>\n\t\t\t\t<\/div>\n\t\t\t\t<\/div>\n\t\t\t\t<\/div>\n\t\t\t\t\t<\/div>\n\t\t\t\t<\/div>\n\t\t\t\t<\/div>\n\t\t","protected":false},"excerpt":{"rendered":"<p>\ud83d\udcc8 Solutions ERP &#038; CRM Transformez Votre Gestion d&#8217;Entreprise avec Team Four IT Team Four IT, expert en\u00a0solutions ERP et CRM \u00e0 Casablanca\u00a0\ud83c\uddf2\ud83c\udde6, accompagne les entreprises marocaines dans leur transformation digitale. Nos syst\u00e8mes de gestion int\u00e9gr\u00e9s vous permettent de : \u2705\u00a0Automatiser\u00a0les processus m\u00e9tiers (comptabilit\u00e9, stocks, RH). \ud83d\udcca\u00a0Centraliser\u00a0les donn\u00e9es en temps r\u00e9el pour un reporting pr\u00e9cis. [&hellip;]<\/p>\n","protected":false},"author":2,"featured_media":5987,"parent":6194,"menu_order":3,"comment_status":"closed","ping_status":"closed","template":"elementor_header_footer","meta":{"_seopress_robots_primary_cat":"","_seopress_titles_title":"Int\u00e9grateur de Solutions ERP et CRM \u00e0 Casablanca","_seopress_titles_desc":"Team Four IT propose des solutions ERP et CRM personnalis\u00e9es pour optimiser votre gestion d'entreprise ?. Automatisation des processus, reporting en temps r\u00e9el et support expert. Demandez une d\u00e9mo gratuite !","_seopress_robots_index":"","footnotes":""},"class_list":["post-5984","page","type-page","status-publish","has-post-thumbnail","hentry"],"_links":{"self":[{"href":"https:\/\/teamfourit.com\/site\/wp-json\/wp\/v2\/pages\/5984","targetHints":{"allow":["GET"]}}],"collection":[{"href":"https:\/\/teamfourit.com\/site\/wp-json\/wp\/v2\/pages"}],"about":[{"href":"https:\/\/teamfourit.com\/site\/wp-json\/wp\/v2\/types\/page"}],"author":[{"embeddable":true,"href":"https:\/\/teamfourit.com\/site\/wp-json\/wp\/v2\/users\/2"}],"replies":[{"embeddable":true,"href":"https:\/\/teamfourit.com\/site\/wp-json\/wp\/v2\/comments?post=5984"}],"version-history":[{"count":0,"href":"https:\/\/teamfourit.com\/site\/wp-json\/wp\/v2\/pages\/5984\/revisions"}],"up":[{"embeddable":true,"href":"https:\/\/teamfourit.com\/site\/wp-json\/wp\/v2\/pages\/6194"}],"wp:featuredmedia":[{"embeddable":true,"href":"https:\/\/teamfourit.com\/site\/wp-json\/wp\/v2\/media\/5987"}],"wp:attachment":[{"href":"https:\/\/teamfourit.com\/site\/wp-json\/wp\/v2\/media?parent=5984"}],"curies":[{"name":"wp","href":"https:\/\/api.w.org\/{rel}","templated":true}]}}